12*q + 139. List the prime factors of n.
3, 47
Let n(b) = -18*b + 74. Let f(l) = 37*l - 149. Let s(h) = 3*f(h) + 7*n(h). What are the prime factors of s(-6)?
7, 23
Let c(v) = v**3 + v**2 + 2*v - 4. Let m be c(0). Let o = m + 71. What are the prime factors of o?
67
Let j = -168 + 497. What are the prime factors of j?
7, 47
Suppose -1052*o + 1047*o = -6590. What are the prime factors of o?
2, 659
Suppose g + 2*d + 1 = -3, -24 = -5*g + d. Let t be ((1 - g) + 7)*1. Suppose 3*r - 118 = -2*h, -4*r + t*h - 2*h = -148. What are the prime factors of r?
2, 19
Let l(g) = 74*g - 105. What are the prime factors of l(8)?
487
Let s(t) = t + 8. Let f(u) = 2*u**3 + 2*u**2 + 4. Let w be f(-2). Let y be s(w). Suppose -5*d = y*x + 13 - 65, -5*d = 2*x - 26. What are the prime factors of x?
13
Let u = 6 - 5. Let r be (u/2)/(10/4260). Suppose -r = -13*g + 10*g. What are the prime factors of g?
71
Let t(s) = 13*s - 17. Let x = -33 + 53. Suppose q - x = -3*q. List the prime factors of t(q).
2, 3
Let s(z) = -2*z + 3. Let a(d) = 5*d - 8. Let r(l) = 2*a(l) + 7*s(l). Let p be r(2). What are the prime factors of p/(-9) - 56/(-3)?
19
Let x = 5 + 0. Suppose 0 = -v + x. Suppose -v*r + 189 = 2*r. List the prime factors of r.
3
List the prime factors of (-526)/(-6)*(9 - 6).
263
Let n(k) = 3*k**3 - 5*k**2 - 5*k + 4. List the prime factors of n(6).
2, 13, 17
Let t(i) = i**3 + 10*i**2 - 11*i - 5. Let h be t(-11). List the prime factors of 61/5 + h/25.
2, 3
Let f(w) = -w**3 + 4*w**2 - 4*w + 3. Let t(k) = -k**3 + 4*k**2 - 4*k + 3. Let j(n) = -3*f(n) + 2*t(n). What are the prime factors of j(5)?
2, 3, 7
Let s = -7 + 9. Suppose -s*d + 344 = 4*h - 6*d, 2*h = 3*d + 176. What are the prime factors of h?
2, 41
Let m be ((-2)/6)/((-8)/96). Suppose -3 = 3*w - 2*l + 7, -m*w = -l + 5. Suppose s - 5*s + 153 = a, 5*s + 3*a - 193 = w. List the prime factors of s.
2, 19
Suppose -6*k - 704 = 1354. Let x = 531 + k. What are the prime factors of x?
2, 47
Let d = 841 - -1188. What are the prime factors of d?
2029
Suppose -5*s + 350 - 65 = 0. Suppose -s*o + 59*o - 84 = 0. What are the prime factors of o?
2, 3, 7
Let o be (-48)/18*(-6)/8. Suppose -4*g + o*g = -14. List the prime factors of (42/8)/(g/28).
3, 7
Let p = -3163 - -4490. What are the prime factors of p?
1327
Let l(a) = -4*a**3 - 3*a**2 + 7*a + 8. Let d(w) = -w**3 + w + 1. Let t(r) = -3*d(r) + l(r). List the prime factors of t(-4).
5
Suppose 0 = -6*i + 15 - 3. Suppose 2*s + 3 = a + 10, 2*a + i = -2*s. Suppose s*z + 42 = d + 3*z, 5*z = 5*d - 220. What are the prime factors of d?
43
Let d(o) = -3*o - 14. Let c be d(-10). Suppose -11*x = -c*x + 175. List the prime factors of x.
5, 7
Let c be 1 - (1 + 30/(1 + 1)). Let h be (12/7)/((-2)/14). Let q = h - c. What are the prime factors of q?
3
Let g(x) = 3 + 0*x + 2*x - 5*x - 9*x. List the prime factors of g(-2).
3
Let c be (1 - -3) + (-4)/12*-3. Suppose -c*f + 116 = y, 95 = 4*f - 3*y + 6*y. List the prime factors of f.
23
Let t = -2425 - -6380. List the prime factors of t.
5, 7, 113
Let l(i) be the first derivative of 5*i**4/4 - 4*i**3/3 + 2*i**2 - 3*i + 2. What are the prime factors of l(2)?
29
Let z = 5897 + -2407. List the prime factors of z.
2, 5, 349
Suppose 0*u - 410 = -2*u. Let a = -34 + u. List the prime factors of a.
3, 19
List the prime factors of 3/(-2) + ((-11410)/(-4))/5.
569
Suppose -35*k - 175 = -30*k. Let q = 109 + k. What are the prime factors of q?
2, 37
Let w be -2 - (-8)/(-4 - -6). List the prime factors of w/((-1)/20*(8 - 9)).
2, 5
Let s = -23 + 11. Let h be s/(-10)*(-50)/(-15). Suppose 3*r = -r + 4*z + 68, -69 = -h*r + 3*z. List the prime factors of r.
2, 3
What are the prime factors of (396/42)/((-4)/(-14))?
3, 11
Let j(r) = -7*r**3 - 2*r**2 - 2*r - 1. Let y be j(-1). Suppose -7*i = -20 + y. Suppose -5*q = -i*q - 9. What are the prime factors of q?
3
What are the prime factors of ((-912)/10)/(254/(-3175))?
2, 3, 5, 19
Let p = -358 - -673. What are the prime factors of p?
3, 5, 7
Suppose 12*p - 2893 = p. What are the prime factors of p?
263
Suppose 0 = -4*t - 2*y - y + 96, 3*t - 65 = -4*y. Suppose -12*d + 40 = -17*d. Let n = t + d. List the prime factors of n.
19
Suppose -8 = 5*c + 37. Let a be 4*c/(18/(-28)). Suppose -4*r + a + 32 = 0. List the prime factors of r.
2, 11
Suppose -11*m + 8 = -3*m. Let x be 36/(-8)*(m - -1). Let d(y) = 2*y**2 + 11*y - 19. List the prime factors of d(x).
2, 11
Let l(y) = y**3 - 5*y**2 + 3*y + 1. Let u be l(4). Let s be u/12 - (-225)/(-12). Let t = 36 + s. What are the prime factors of t?
17
Suppose -2 = -7*u - 30. What are the prime factors of (-6 + u)*(-9)/2?
3, 5
Suppose 4*c - 9 = 5*j, 3*j + 1 = -c - 1. Let r be -2 + j + 5 - -6. Let a = r + -4. List the prime factors of a.
2
Let s(p) = -101*p + 43. Suppose 7*f = -17 - 4. What are the prime factors of s(f)?
2, 173
Suppose 4*r - 4*r = 4*r. Let o be 6/((3/(-2))/(-1)). Suppose -84 = -o*q - r*q. List the prime factors of q.
3, 7
Let o(t) = -87*t - 33. List the prime factors of o(-5).
2, 3, 67
Let h be (-6)/(-3) + 15 + 2. Let l = 31 - h. Suppose -28 = -4*g - l. What are the prime factors of g?
2
Let r(x) = 6*x**3 - 5*x**2 + 17*x + 28. What are the prime factors of r(10)?
2, 7, 11, 37
Let r(p) = p**2 + 10*p + 11. Let y be r(-9). What are the prime factors of 27 + -3 + y + 2?
2, 7
Let c = 59 + -42. Let t = c - 11. Suppose -2*n = 2*o - 2, -n + 0*n + 4*o = -t. What are the prime factors of n?
2
Suppose -21*t + 4*t + 1921 = 0. Let s = -96 + t. What are the prime factors of s?
17
What are the prime factors of 7342/14 - (-3)/(-7)?
2, 131
Let v(x) be the second derivative of x**5/20 - x**4/2 + x**3/6 - x**2 + 11*x. List the prime factors of v(6).
2
Let g be (-6)/(-36) - (-105)/18. What are the prime factors of g/(-4) - (-5)/((-70)/(-903))?
3, 7
Suppose -3*p - 2*p + 3*d = -13, -2*d = -3*p + 7. Suppose -8 - 7 = -3*c. Suppose 2*f - 59 = -c*k, 0*k - p*k - 26 = -3*f. What are the prime factors of f?
17
Let x(f) be the third derivative of -f**5/60 - f**4/12 + 49*f**3/6 - 12*f**2. What are the prime factors of x(0)?
7
Let y(s) = -s**3 - 12*s**2 - 24*s - 6. What are the prime factors of y(-11)?
137
Let w(k) = -k**3 - 23*k**2 - 19*k + 33. List the prime factors of w(-26).
5, 7, 73
Suppose 3*d - 3 = 0, d = -4*l - 379 + 5020. List the prime factors of l.
2, 5, 29
Let c = 29 - 46. Let h = -20 - c. List the prime factors of 2 + (-6)/h + 2.
2, 3
Let d(q) = q + 1. Let a be d(-1). Let p be a*3/(7 - -2). What are the prime factors of 29 + p*(-1)/(-4)?
29
Suppose -10*y - 2*y - 48 = 0. List the prime factors of 113 - ((0 - -3) + y).
2, 3, 19
Suppose 0*v = 2*q + 5*v + 5, -2*v = q. Suppose 0 = a - 2*a + q. What are the prime factors of a/3 - (-4)/6?
2
Let x(l) = l**2 - 50*l + 11. What are the prime factors of x(59)?
2, 271
Suppose 5*p + j + 2*j = 153, -2*p - 5*j + 65 = 0. Let i = -28 + p. Suppose -i*c - 19 = -101. What are the prime factors of c?
41
Let v(k) = -20*k. Suppose 12 = f + 2. Let p = 9 - f. What are the prime factors of v(p)?
2, 5
Suppose 31*n = -2*n + 9405. List the prime factors of n.
3, 5, 19
Suppose 3*p - 4*p = -3. Suppose p = -a, -3*g + 43 = -3*a + 7. Suppose g*j + 125 = 14*j. List the prime factors of j.
5
List the prime factors of -2 - 373*-5 - (-90)/15.
3, 7, 89
Suppose 5*u + 77 = -23. What are the prime factors of (-1985)/u - (-1)/(-4)?
3, 11
List the prime factors of (-2)/19 - 73821/(-57).
5, 7, 37
Let c = 11 + 3. Suppose 16*z - 18*z + c = 0. Let k = -3 + z. What are the prime factors of k?
2
Suppose 1208*w + 5792 = 1224*w. List the prime factors of w.
2, 181
Suppose 7 = 5*s - 4*f, 0*s + 5*f = -2*s + 16. Suppose -2*v = -0 + 2, -s*t = 4*v - 35. Let b(r) = -r**2 + 16*r. List the prime factors of b(t).
3, 13
Suppose -6*m + 12 = -3*m. Suppose d + 33 = 2*i, 0 = -m*d + 7*d + 3. Suppose -4*n + 4 = -i, -4*y + n = -47. List the prime factors of y.
13
What are the prime factors of 35*3/15 + 621?
2, 157
Let j = -152 - -155. Let k = -2 + 7. Suppose k*o = j*m + 4 - 51, -2*o + 42 = 2*m. List the prime factors of m.
19
Let q = -15 + 7. Let f(g) = -123*g**2 + 4 - 16 + 114*g**2 - 11*g - g**3. What are the prime factors of f(q)?
2, 3
Let l be (5 - -1)*(-3)/(-9). Suppose 4 + 6 = 5*i - c, 3*c = l*i - 4. Suppose -2*y + d = i*d - 31, -2*y = 3*d - 29. What are the prime factors of y?
2
Suppose 4*r + 100 = 6*r. Suppose 5*f - 41